ase 2) to base 3
-101112112211021
What is -401042 (base 5) in base 10?
-12647
Convert 115215 (base 10) to base 3.
12212001020
What is 53b139 (base 14) in base 5?
1211203144
Convert -11101100101000000110 (base 2) to base 7.
-11144502
What is -d7857c (base 15) in base 5?
-10111120432
110000101101110111 (base 2) to base 5
22341133
123644423 (base 7) to base 12
277a455
What is 3547443 (base 11) in base 9?
12571734
1100010001111000110 (base 2) to base 15
7e34e
What is -1112012212100 (base 3) in base 12?
-3315a6
What is 185a376 (base 13) in base 8?
36277644
What is -7258991 (base 11) in base 16?
-c36f87
What is 10110001110101000 (base 2) in base 12?
44834
What is 3079500 (base 12) in base 5?
4313310001
Convert -6c173b (base 16) to base 11.
-3aa9210
Convert -10021022021021 (base 3) to base 8.
-6502624
What is 111102321 (base 4) in base 16?
154b9
Convert -3324412 (base 5) to base 6.
-1125003
Convert 141542 (base 7) to base 11.
19342
-60caa (base 16) to base 3
-202010211122
What is 612862 (base 9) in base 5?
43104032
-51164474 (base 8) to base 7
-160602034
Convert 4650a8 (base 11) to base 12.
2b7687
What is 4848b6 (base 13) in base 12?
6b17a5
Convert 7cfc3 (base 16) to base 5.
112340224
What is 110111001110111101011 (base 2) in base 9?
3357638
What is -12622323 (base 7) in base 16?
-11c817
Convert 6261674 (base 9) to base 14.
631c76
4605b (base 14) to base 11
106976
What is -83256 (base 9) in base 12?
-27920
Convert 4891b9 (base 15) to base 16.
34ff7a
Convert 2285057 (base 9) to base 7.
13341616
-3c1ac8 (base 13) to base 5
-333220122
-201014233 (base 5) to base 16
-c2d74
40402 (base 5) to base 4
220222
Convert -9625a9 (base 12) to base 8.
-11021321
What is -1542211 (base 6) in base 3?
-11122010221
Convert -2110032 (base 7) to base 8.
-761101
-1233033113 (base 4) to base 10
-455639
bb723 (base 13) to base 11
212122
-119893 (base 10) to base 15
-257cd
What is 12202220102 (base 3) in base 6?
2234102
1236331 (base 11) to base 7
24145320
-28b67 (base 14) to base 13
-36ca8
Convert -638c2 (base 14) to base 11.
-154736
What is 10413101 (base 5) in base 14?
25587
Convert 2110122210012 (base 3) to base 4.
11000110223
Convert -28724c (base 15) to base 13.
-532803
What is 1100111010011110 (base 2) in base 8?
147236
Convert 715428 (base 10) to base 16.
aeaa4
What is 11f19 (base 16) in base 15?
16b9c
Convert 16116033 (base 7) to base 12.
6294b3
329857 (base 10) to base 14
882d3
Convert 129631e (base 15) to base 6.
1154524002
Convert -551563 (base 7) to base 9.
-156544
-1585a8 (base 16) to base 9
-2578721
-1140551 (base 7) to base 10
-144341
What is 132330141 (base 7) in base 12?
2a33526
What is 279ba4 (base 12) in base 13?
1a15a1
What is 130223103011 (base 4) in base 8?
34532305
1011101010011001 (base 2) to base 15
e249
What is -10202021120 (base 3) in base 16?
-12069
What is -1e0ed4 (base 16) in base 9?
-3632141
-18389a (base 11) to base 6
-10023201
-1582a2 (base 16) to base 2
-101011000001010100010
-271466 (base 8) to base 10
-95030
Convert -414bb7 (base 14) to base 9.
-4126853
-1000010100110000100000 (base 2) to base 15
-2d1886
-b456 (base 12) to base 8
-46302
Convert 1a55ec (base 15) to base 13.
35c496
-322313 (base 11) to base 5
-112443344
What is d0eed (base 15) in base 4?
2201133322
-122022200121201 (base 3) to base 4
-203013130132
What is 2ba13 (base 15) in base 12?
69483
Convert -a48822 (base 13) to base 9.
-7211807
What is 4eb02 (base 15) in base 10?
252227
-231122131 (base 6) to base 8
-20171447
10111110010010100111101 (base 2) to base 13
13a4223
What is 5534136 (base 9) in base 5?
1230201123
What is 1101101001011000101111 (base 2) in base 7?
42256466
Convert -1ba097 (base 12) to base 9.
-833067
Convert -113333133 (base 4) to base 15.
-1e1b6
2366813 (base 9) to base 11
7a8013
-310110032 (base 4) to base 16
-3450e
1001111010111 (base 2) to base 6
35303
-2144124034 (base 5) to base 15
-625a99
What is -6532942 (base 10) in base 2?
-11000111010111101001110
Convert 18936 (base 16) to base 14.
28982
9457e (base 15) to base 4
1302311201
What is 11011101010100111111 (base 2) in base 9?
1631507
Convert 20101112222222 (base 3) to base 13.
91bc14
What is -2101111200 (base 3) in base 14?
-131cd
16c0c (base 14) to base 3
2220112011
Convert -30202321323 (base 4) to base 11.
-1946937
3154424 (base 7) to base 15
788b5
Convert -25166636 (base 7) to base 9.
-4237335
3356562 (base 7) to base 4
1211332320
ccae8 (base 16) to base 10
838376
What is 538797 (base 10) in base 7?
4402560
Convert 328644 (base 11) to base 13.
154599
What is -157a64 (base 13) in base 12?
-217529
-5476 (base 13) to base 9
-17114
-220232040 (base 5) to base 7
-11016466
What is -141d8 (base 15) in base 7?
-356126
212100101120 (base 3) to base 14
bd695
Convert 300614 (base 7) to base 13.
1a120
Convert 429769 (base 13) to base 8.
5755311
Convert -16ed4 (base 16) to base 2.
-10110111011010100
What is -833502 (base 13) in base 15?
-407a60
Convert 15726 (base 14) to base 9.
81401
What is 10122020302 (base 4) in base 14?
221214
What is -3ddb0 (base 14) in base 15?
-307b7
What is -13052241 (base 7) in base 3?
-2020102102110
103352154 (base 6) to base 4
13003220212
Convert 3074c (base 16) to base 3.
101002020222
10001101001111011 (base 2) to base 14
1c4d5
What is 34261342 (base 7) in base 2?
1011011001111011000101
What is 3335101 (base 6) in base 11?
1054a1
-6463563 (base 7) to base 2
-11000000100101101111
-2055323 (base 9) to base 3
-2001212100210
What is -43442 (base 5) in base 10?
-2997
Convert -1144001 (base 5) to base 13.
-9b92
What is -13754254 (base 8) in base 9?
-5808276
-414431 (base 10) to base 2
-1100101001011011111
470a6 (base 13) to base 14
35407
What is -2010211211100 (base 3) in base 7?
-12451311
What is -1010101100011010 (base 2) in base 15?
-cea2
What is 64717 (base 8) in base 11?
19395
1013143310 (base 5) to base 8
7746555
What is 5698517 (base 10) in base 16?
56f3d5
What is -1067627 (base 13) in base 3?
-100102202201222
a41c7 (base 14) to base 11
250172
What is 2bf9 (base 16) in base 2?
10101111111001
-10210002010100 (base 3) to base 13
-5546ac
Convert 2dbb (base 15) to base 13.
463a
Convert -2364155 (base 10) to base 5.
-1101123110
What is -10452344 (base 6) in base 5?
-40134323
Convert -101421032 (base 5) to base 9.
-710284
-8c84a8 (base 16) to base 10
-9209000
Convert -38110 (base 15) to base 7.
-1344126
What is 1d8b02 (base 14) in base 5?
232430332
What is 3525050 (base 6) in base 2?
101100100100010110
Convert -71611 (base 10) to base 2.
-10001011110111011
-32b29 (base 13) to base 11
-63110
Convert -194e97 (base 15) to base 3.
-2022120200221
16b3867 (base 13) to base 7
116462415
What is 564603 (base 13) in base 11?
11719a7
What is -1db926 (base 15) in base 11?
-905480
10101110011100000001 (base 2) to base 7
6034040
What is 30411025 (base 6) in base 16?
d4ff9
What is -22400 (base 15) in base 12?
-53030
Convert 1a7279a (base 12) to base 14.
a65810
1721125 (base 11) to base 16
2cb40f
What is -9d470 (base 15) in base 12?
-201789
Convert 1131232031 (base 4) to base 13.
105968
What is 2420120 (base 5) in base 9?
67688
Convert 1001101000101111101101 (base 2) to base 3.
11202100021120
Convert 106491 (base 11) to base 9.
277607
-203303311 (base 4) to base 5
-14143202
Convert 12022010212 (base 3) to base 2.
11001011110011111
What is -ec537 (base 15) in base 5?
-143003202
Convert -140131221 (base 6) to base 8.
-12562675
-11021021020 (base 3) to base 15
-19d70
Convert -2666457 (base 9) to base 6.
-51153124
What is 221332110002 (base 4) in base 14?
1665c66
Convert -6acc3 (base 15) to base 7.
-2615241
16055c (base 14) to base 9
1402348
What is 102348 (base 9) in base 15?
1302e
Convert 40754 (base 11) to base 16.
e84e
Convert e183 (base 15) to base 4.
23213232
-34430615 (base 7) to base 2
-1011100000010100011010
Convert -173137 (base 8) to base 12.
-305bb
What is 427752 (base 8) in base 10?
143338
6c9b2 (base 16) to base 6
13311254
Convert 1122322312 (base 4) to base 8.
1327266
-11110000011010010001 (base 2) to base 6
-33034521
Convert -3382a (base 12) to base 8.
-205742
981f (base 16) to base 2
1001100000011111
-12231333 (base 4) to base 5
-1340034
Convert 4a5a1 (base 12) to base 3.
12010122011
-10010110111 (base 2) to base 4
-102313
Convert 29999a (base 12) to base 10.
701254
Convert 6b3c (base 1